{"id":43,"date":"2016-06-17T11:56:32","date_gmt":"2016-06-17T09:56:32","guid":{"rendered":"https:\/\/juni-x.de\/wordpress_jx\/?page_id=43"},"modified":"2016-06-18T15:22:14","modified_gmt":"2016-06-18T13:22:14","slug":"agentur","status":"publish","type":"page","link":"https:\/\/juni-x.de\/wordpress_jx\/magic-verlag\/module\/agentur\/","title":{"rendered":"Agentur"},"content":{"rendered":"<p>F\u00fcr Anzeigenagenturen (Werbemittler) ist dieses separate Modul bestimmt.<\/p>\n<p>In der \u00fcbersichtlichen Auftragserfassung werden alle wiederkehrenden Gesch\u00e4ftsvorf\u00e4lle bearbeitet.<\/p>\n<p>Auftr\u00e4ge k\u00f6nnen schnell und sicher erfasst, modifiziert und erg\u00e4nzt werden. Direkt innerhalb der Erfassung kann der Ausdruck von Werbevorschl\u00e4gen, Auftragsbest\u00e4tigungen und Verlagsauftr\u00e4gen durchgef\u00fchrt werden.<\/p>\n<p>Alle Daten bleiben im System, so dass f\u00fcr die sp\u00e4tere Erfassung der Verlagsrechnungen nur noch Rechnungsnummer und -datum sowie der Endbetrag erg\u00e4nzt werden m\u00fcssen. Im gleichen Schritt k\u00f6nnen dann die Kundenrechnungen ausgel\u00f6st werden. Ebenso sind nat\u00fcrlich auch Storno-Rechnungen und Gutschriften m\u00f6glich.<br \/>\nAlle Rechnungsarten k\u00f6nnen an externe Finanzbuchhaltungssysteme oder die OP-Verwaltung \u00fcbergeben werden.<\/p>\n<p>Verlagsauftr\u00e4ge werden automatisch an Hand der beauftragten Titel f\u00fcr jeden beteiligten Verlag generiert.<\/p>\n<p>Es sind flexible Auswertungen auf den Ebenen\u00a0 Kunde, Verlag, Verk\u00e4ufer, Titelgruppe, Titel, Termin und Format m\u00f6glich. Dabei werden jeweils der Nettoerl\u00f6s und der Rohertrag dargestellt.<\/p>\n<p>F\u00fcr \u201eeigene\u201c Anzeigen oder wenn beispielsweise vom Verlag eine ganze Seite gekauft und in eigener Regie aufgeteilt und verkauft wird, kann eine Jobliste erstellt werden, die alle Anzeigen zu einem Titel und einem Termin enth\u00e4lt.<br \/>\nDas Agentur-Modul kommt i.d.R. nicht zusammen mit dem Anzeigen-Modul sondern alternativ zum Einsatz.<\/p>\n<figure id=\"attachment_11\" aria-describedby=\"caption-attachment-11\" style=\"width: 1028px\" class=\"wp-caption aligncenter\"><img loading=\"lazy\" decoding=\"async\" class=\"wp-image-11 size-full\" src=\"https:\/\/juni-x.de\/wordpress_jx\/wp-content\/uploads\/2016\/06\/agentur2.png\" alt=\"Agentur-Auftr\u00e4ge\" width=\"1028\" height=\"724\" srcset=\"https:\/\/juni-x.de\/wordpress_jx\/wp-content\/uploads\/2016\/06\/agentur2.png 1028w, https:\/\/juni-x.de\/wordpress_jx\/wp-content\/uploads\/2016\/06\/agentur2-300x211.png 300w, https:\/\/juni-x.de\/wordpress_jx\/wp-content\/uploads\/2016\/06\/agentur2-768x541.png 768w, https:\/\/juni-x.de\/wordpress_jx\/wp-content\/uploads\/2016\/06\/agentur2-1024x721.png 1024w\" sizes=\"auto, (max-width: 1028px) 100vw, 1028px\" \/><figcaption id=\"caption-attachment-11\" class=\"wp-caption-text\">Agentur-Auftr\u00e4ge<\/figcaption><\/figure>\n","protected":false},"excerpt":{"rendered":"<p>F\u00fcr Anzeigenagenturen (Werbemittler) ist dieses separate Modul bestimmt. In der \u00fcbersichtlichen Auftragserfassung werden alle wiederkehrenden Gesch\u00e4ftsvorf\u00e4lle bearbeitet. Auftr\u00e4ge k\u00f6nnen schnell und sicher erfasst, modifiziert und erg\u00e4nzt werden. Direkt innerhalb der Erfassung kann der Ausdruck von Werbevorschl\u00e4gen, Auftragsbest\u00e4tigungen und Verlagsauftr\u00e4gen durchgef\u00fchrt werden. Alle Daten bleiben im System, so dass f\u00fcr die sp\u00e4tere Erfassung der Verlagsrechnungen nur &hellip; <a href=\"https:\/\/juni-x.de\/wordpress_jx\/magic-verlag\/module\/agentur\/\" class=\"more-link\"><span class=\"screen-reader-text\">Agentur<\/span> weiterlesen <span class=\"meta-nav\">&rarr;<\/span><\/a><\/p>\n","protected":false},"author":1,"featured_media":0,"parent":29,"menu_order":3,"comment_status":"closed","ping_status":"closed","template":"","meta":{"footnotes":""},"class_list":["post-43","page","type-page","status-publish","hentry"],"_links":{"self":[{"href":"https:\/\/juni-x.de\/wordpress_jx\/wp-json\/wp\/v2\/pages\/43","targetHints":{"allow":["GET"]}}],"collection":[{"href":"https:\/\/juni-x.de\/wordpress_jx\/wp-json\/wp\/v2\/pages"}],"about":[{"href":"https:\/\/juni-x.de\/wordpress_jx\/wp-json\/wp\/v2\/types\/page"}],"author":[{"embeddable":true,"href":"https:\/\/juni-x.de\/wordpress_jx\/wp-json\/wp\/v2\/users\/1"}],"replies":[{"embeddable":true,"href":"https:\/\/juni-x.de\/wordpress_jx\/wp-json\/wp\/v2\/comments?post=43"}],"version-history":[{"count":2,"href":"https:\/\/juni-x.de\/wordpress_jx\/wp-json\/wp\/v2\/pages\/43\/revisions"}],"predecessor-version":[{"id":102,"href":"https:\/\/juni-x.de\/wordpress_jx\/wp-json\/wp\/v2\/pages\/43\/revisions\/102"}],"up":[{"embeddable":true,"href":"https:\/\/juni-x.de\/wordpress_jx\/wp-json\/wp\/v2\/pages\/29"}],"wp:attachment":[{"href":"https:\/\/juni-x.de\/wordpress_jx\/wp-json\/wp\/v2\/media?parent=43"}],"curies":[{"name":"wp","href":"https:\/\/api.w.org\/{rel}","templated":true}]}}