{"id":59,"date":"2016-06-17T12:57:07","date_gmt":"2016-06-17T10:57:07","guid":{"rendered":"https:\/\/juni-x.de\/wordpress_jx\/?page_id=59"},"modified":"2022-12-02T09:48:23","modified_gmt":"2022-12-02T08:48:23","slug":"referenzen","status":"publish","type":"page","link":"https:\/\/juni-x.de\/wordpress_jx\/referenzen\/","title":{"rendered":"Referenzen"},"content":{"rendered":"<p>Unsere Verlagssoftware hat seine Kinderkrankheiten l\u00e4ngst abgesch\u00fcttelt. Das Programm ist im gesamten Bundesgebiet bei ca. 20 Zeitschriftenverlagen, Anzeigenbl\u00e4ttern, Anzeigenagenturen oder Verlagsdienstleistern im Einsatz.<\/p>\n<p>Referenzen von MAGIC-VERLAG teilen wir Ihnen auf Anfrage gerne mit.<\/p>\n<p>Au\u00dferdem leisten wir Systemadministration und Support f\u00fcr Privatpersonen, Firmen und Organisationen im sozialen Bereich.<\/p>\n","protected":false},"excerpt":{"rendered":"<p>Unsere Verlagssoftware hat seine Kinderkrankheiten l\u00e4ngst abgesch\u00fcttelt. Das Programm ist im gesamten Bundesgebiet bei ca. 20 Zeitschriftenverlagen, Anzeigenbl\u00e4ttern, Anzeigenagenturen oder Verlagsdienstleistern im Einsatz. Referenzen von MAGIC-VERLAG teilen wir Ihnen auf Anfrage gerne mit. Au\u00dferdem leisten wir Systemadministration und Support f\u00fcr Privatpersonen, Firmen und Organisationen im sozialen Bereich.<\/p>\n","protected":false},"author":1,"featured_media":0,"parent":0,"menu_order":6,"comment_status":"closed","ping_status":"closed","template":"","meta":{"footnotes":""},"class_list":["post-59","page","type-page","status-publish","hentry"],"_links":{"self":[{"href":"https:\/\/juni-x.de\/wordpress_jx\/wp-json\/wp\/v2\/pages\/59","targetHints":{"allow":["GET"]}}],"collection":[{"href":"https:\/\/juni-x.de\/wordpress_jx\/wp-json\/wp\/v2\/pages"}],"about":[{"href":"https:\/\/juni-x.de\/wordpress_jx\/wp-json\/wp\/v2\/types\/page"}],"author":[{"embeddable":true,"href":"https:\/\/juni-x.de\/wordpress_jx\/wp-json\/wp\/v2\/users\/1"}],"replies":[{"embeddable":true,"href":"https:\/\/juni-x.de\/wordpress_jx\/wp-json\/wp\/v2\/comments?post=59"}],"version-history":[{"count":6,"href":"https:\/\/juni-x.de\/wordpress_jx\/wp-json\/wp\/v2\/pages\/59\/revisions"}],"predecessor-version":[{"id":195,"href":"https:\/\/juni-x.de\/wordpress_jx\/wp-json\/wp\/v2\/pages\/59\/revisions\/195"}],"wp:attachment":[{"href":"https:\/\/juni-x.de\/wordpress_jx\/wp-json\/wp\/v2\/media?parent=59"}],"curies":[{"name":"wp","href":"https:\/\/api.w.org\/{rel}","templated":true}]}}